{"id":372,"date":"2022-03-30T17:41:51","date_gmt":"2022-03-30T16:41:51","guid":{"rendered":"https:\/\/acesso.com.pt\/acesso\/?page_id=372"},"modified":"2022-03-31T11:51:31","modified_gmt":"2022-03-31T10:51:31","slug":"hardware","status":"publish","type":"page","link":"https:\/\/acesso.com.pt\/acesso\/hardware\/","title":{"rendered":"Hardware"},"content":{"rendered":"<p><img loading=\"lazy\" decoding=\"async\" class=\"size-full wp-image-373\" src=\"https:\/\/acesso.com.pt\/acesso\/wp-content\/uploads\/2022\/03\/hardware.jpg\" alt=\"\" width=\"300\" height=\"225\"><\/p>\n<p>Distribu\u00edmos hardware vocacionado para a \u00e1rea de tecnologias de informa\u00e7\u00e3o empresariais.<\/p>\n<p>&nbsp;<\/p>\n<p><strong>Computadores<\/strong><\/p>\n<ul>\n<li>Computadores Desktop<\/li>\n<li>Computadores port\u00e1teis<\/li>\n<li>Servidores<\/li>\n<li>Mini computadores<\/li>\n<\/ul>\n<p>&nbsp;<\/p>\n<p><strong>Impressoras<\/strong><\/p>\n<ul>\n<li>Impressoras e multifun\u00e7\u00f5es Jato de Tinta<\/li>\n<li>Impressoras e multifun\u00e7\u00f5es Laser<\/li>\n<\/ul>\n<p>&nbsp;<\/p>\n<p><strong>Monitores<\/strong><\/p>\n<ul>\n<li>Monitores LED<\/li>\n<li>Monitores TouchScreen<\/li>\n<li>SmartTV<\/li>\n<\/ul>\n<p>&nbsp;<\/p>\n<p><strong>Terminais de Ponto de Venda (POS)<\/strong><\/p>\n<ul>\n<li>Terminais de ponto de venda (POS)<\/li>\n<li>Gavetas de Dinheiro<\/li>\n<li>Impressoras de tal\u00f5es t\u00e9rmicas<\/li>\n<li>PDA m\u00f3veis para Auto Venda<\/li>\n<li>Balan\u00e7as digitais com integra\u00e7\u00e3o ao software<\/li>\n<\/ul>\n<p>&nbsp;<\/p>\n<p><strong>Outros<\/strong><\/p>\n<ul>\n<li>Impressoras de etiquetas<\/li>\n<li>Teclados, ratos com e sem fios<\/li>\n<li>Sistemas de armazenamento NAS e USB (Discos duros, SSD, pen drives, etc.)<\/li>\n<\/ul>\n<p>&nbsp;<\/p>\n","protected":false},"excerpt":{"rendered":"<p>Distribu\u00edmos hardware vocacionado para a \u00e1rea de tecnologias de informa\u00e7\u00e3o empresariais. &nbsp; Computadores Computadores Desktop Computadores port\u00e1teis Servidores Mini computadores &nbsp; Impressoras Impressoras e multifun\u00e7\u00f5es Jato de Tinta Impressoras e multifun\u00e7\u00f5es Laser &nbsp; Monitores Monitores LED Monitores TouchScreen SmartTV &nbsp; Terminais de Ponto de Venda (POS) Terminais de ponto de venda (POS) Gavetas de Dinheiro [&hellip;]<\/p>\n","protected":false},"author":1,"featured_media":373,"parent":0,"menu_order":0,"comment_status":"closed","ping_status":"closed","template":"","meta":{"_acf_changed":false,"ngg_post_thumbnail":0,"footnotes":""},"class_list":["post-372","page","type-page","status-publish","has-post-thumbnail","czr-hentry"],"acf":[],"_links":{"self":[{"href":"https:\/\/acesso.com.pt\/acesso\/wp-json\/wp\/v2\/pages\/372","targetHints":{"allow":["GET"]}}],"collection":[{"href":"https:\/\/acesso.com.pt\/acesso\/wp-json\/wp\/v2\/pages"}],"about":[{"href":"https:\/\/acesso.com.pt\/acesso\/wp-json\/wp\/v2\/types\/page"}],"author":[{"embeddable":true,"href":"https:\/\/acesso.com.pt\/acesso\/wp-json\/wp\/v2\/users\/1"}],"replies":[{"embeddable":true,"href":"https:\/\/acesso.com.pt\/acesso\/wp-json\/wp\/v2\/comments?post=372"}],"version-history":[{"count":4,"href":"https:\/\/acesso.com.pt\/acesso\/wp-json\/wp\/v2\/pages\/372\/revisions"}],"predecessor-version":[{"id":379,"href":"https:\/\/acesso.com.pt\/acesso\/wp-json\/wp\/v2\/pages\/372\/revisions\/379"}],"wp:featuredmedia":[{"embeddable":true,"href":"https:\/\/acesso.com.pt\/acesso\/wp-json\/wp\/v2\/media\/373"}],"wp:attachment":[{"href":"https:\/\/acesso.com.pt\/acesso\/wp-json\/wp\/v2\/media?parent=372"}],"curies":[{"name":"wp","href":"https:\/\/api.w.org\/{rel}","templated":true}]}}